{"id":1521,"date":"2023-02-13T07:55:48","date_gmt":"2023-02-13T06:55:48","guid":{"rendered":"https:\/\/www.tonimilun.hr\/konferencija\/?page_id=1521"},"modified":"2023-02-13T11:13:28","modified_gmt":"2023-02-13T10:13:28","slug":"kalkulator-popodica","status":"publish","type":"page","link":"https:\/\/www.tonimilun.hr\/konferencija\/kalkulator-popodica\/","title":{"rendered":"Kalkulator Popodica"},"content":{"rendered":"\n\n\t\t\t\t<img loading=\"lazy\" decoding=\"async\" src=\"https:\/\/www.tonimilun.hr\/konferencija\/wp-content\/uploads\/2023\/02\/Mobile-photo.png\" alt=\"Mobile photo\" itemprop=\"image\" height=\"758\" width=\"745\" title=\"Mobile photo\" onerror=\"this.style.display='none'\"  \/>\n\t\t\t\t<img loading=\"lazy\" decoding=\"async\" src=\"https:\/\/www.tonimilun.hr\/konferencija\/wp-content\/uploads\/2023\/02\/TONI-MILUN-BY-GAURUS.png\" alt=\"TONI MILUN BY GAURUS\" itemprop=\"image\" height=\"308\" width=\"996\" title=\"TONI MILUN BY GAURUS\" onerror=\"this.style.display='none'\"  \/>\n\t<p>Preuzmite besplatno mobilnu aplikaciju Toni Milun u kojoj se nalazi kalkulator Popodica, koji \u0107e vam u par jednostavnih koraka dati odgovor kako rasporediti djecu na ZPP DOH obrascu da ostvarite maksimalan povrat poreza.<\/p>\n\t\t\t\t<a href=\"https:\/\/apple.co\/3JIBDRJ\" target=\"_blank\" rel=\"noopener\" itemprop=\"url\">\n\t\t\t\t<img loading=\"lazy\" decoding=\"async\" src=\"https:\/\/www.tonimilun.hr\/konferencija\/wp-content\/uploads\/2023\/02\/App-Store.png\" alt=\"App Store\" itemprop=\"image\" height=\"71\" width=\"207\" title=\"App Store\" onerror=\"this.style.display='none'\"  \/>\n\t\t\t\t<\/a>\n\t\t\t\t<a href=\"https:\/\/bit.ly\/ToniMilun-GooglePlay\" target=\"_blank\" rel=\"noopener\" itemprop=\"url\">\n\t\t\t\t<img loading=\"lazy\" decoding=\"async\" src=\"https:\/\/www.tonimilun.hr\/konferencija\/wp-content\/uploads\/2023\/02\/Google-play.png\" alt=\"Google play\" itemprop=\"image\" height=\"71\" width=\"207\" title=\"Google play\" onerror=\"this.style.display='none'\"  \/>\n\t\t\t\t<\/a>\n\t\t\t\t<a href=\"https:\/\/lnkd.in\/dqd-PnzS\" target=\"_blank\" rel=\"noopener\" itemprop=\"url\">\n\t\t\t\t<img loading=\"lazy\" decoding=\"async\" src=\"https:\/\/www.tonimilun.hr\/konferencija\/wp-content\/uploads\/2023\/02\/App-Gallery.png\" alt=\"App Gallery\" itemprop=\"image\" height=\"71\" width=\"207\" title=\"App Gallery\" onerror=\"this.style.display='none'\"  \/>\n\t\t\t\t<\/a>\n<h2>\n\t\tAPLIKACIJU JE RAZVILA RAZVOJNA TVRTKA GAURUS U SURADNJI S TONIJEM MILUNOM. OGROMNO HVALA U IME SVIH GRA\u0110ANA KOJI SU OSTVARILI POVRAT POREZA KORISTE\u0106I BESPLATNU APLIKACIJU.\n\t<\/h2>\n\t\t\t\t<a href=\"https:\/\/www.gaurus.hr\" target=\"_blank\" rel=\"noopener\" itemprop=\"url\">\n\t\t\t\t<img loading=\"lazy\" decoding=\"async\" src=\"https:\/\/www.tonimilun.hr\/konferencija\/wp-content\/uploads\/2023\/02\/Logo-Gaurus.png\" alt=\"Logo Gaurus\" itemprop=\"image\" height=\"76\" width=\"235\" title=\"Logo Gaurus\" onerror=\"this.style.display='none'\"  \/>\n\t\t\t\t<\/a>\n<h2>\n\t\tPOSTANITE \u010cLAN TONI MILUN FRIENDS CLUBA\n\t<\/h2>\n\t\t\t\t<img loading=\"lazy\" decoding=\"async\" src=\"https:\/\/www.tonimilun.hr\/konferencija\/wp-content\/uploads\/2023\/02\/FF22-34-scaled.jpg\" alt=\"FF22-34\" itemprop=\"image\" height=\"1707\" width=\"2560\" title=\"FF22-34\" onerror=\"this.style.display='none'\"  \/>\n\t<p>\u010clanstvom u Toni Milun Friends Clubu ostvarujete<strong> brojne pogodnosti!<\/strong><\/p>\n<p>\u010clanstvo vam osigurava pristup svim video snimkama s Konferencije financijske pismenosti Toni Milun, ali i pet online radionica financijske pismenosti.<\/p>\n<p>\u010clanovi koji odlu\u010de investirati putem Finaxa ostvaruju pravo na besplatno upravljanje i bez naknade za obradu pla\u0107anja.<\/p>\n<p>Godi\u0161nja \u010dlanarina iznosi <b>100 eura.<\/b><\/p>\n\t\t\t<a href=\"https:\/\/www.entrio.hr\/event\/toni-milun-friends-club-clanstvo-13022\" target=\"_self\" role=\"button\" rel=\"noopener\">\n\t\t\t\t\t\t\tU\u010cLANITE SE\n\t\t\t\t\t<\/a>\n<h2>\n\t\tOSIGURAJTE VA\u0160U BLIND BIRD ULAZNICU NA VRIJEME\n\t<\/h2>\n\t\t\t\t<img loading=\"lazy\" decoding=\"async\" src=\"https:\/\/www.tonimilun.hr\/konferencija\/wp-content\/uploads\/2023\/02\/FF22-25-scaled.jpg\" alt=\"FF22-25\" itemprop=\"image\" height=\"1707\" width=\"2560\" title=\"FF22-25\" onerror=\"this.style.display='none'\"  \/>\n\t<p>Kupite <strong>BLIND BIRD<\/strong> ulaznicu po najpovoljnijim cijenama do <strong>1. 4.<\/strong>!<\/p>\n<p>Odaberite dan i grad koji vam najbolje odgovara. Petkom vas o\u010dekuju teme namijenjene <strong>poduzetnicima<\/strong>,\u00a0<strong>obrtnicima<\/strong>,\u00a0<strong>OPG-ovima<\/strong>\u00a0 te <strong>ostalom poslovnom sektoru,<\/strong> a subotom teme namijenjene <strong>osobnim<\/strong>\u00a0i\u00a0<strong>obiteljskim<\/strong>\u00a0<strong>financijama<\/strong>.<\/p>\n<p>Ulaznice se kupuju za svaki dan posebno i osiguravaju pristup svim predavanjima u\u017eivo te popust od 20 % na Toni Milun Friends Club godi\u0161nju \u010dlanarinu.<\/p>\n\t\t\t<a href=\"https:\/\/www.entrio.hr\/events?s=toni+milun+konferencija&#038;sort=-1\" target=\"_self\" role=\"button\" rel=\"noopener\">\n\t\t\t\t\t\t\tKUPITE ULAZNICU\n\t\t\t\t\t<\/a>\n\n","protected":false},"excerpt":{"rendered":"<p>Preuzmite besplatno mobilnu aplikaciju Toni Milun u kojoj se nalazi kalkulator Popodica, koji \u0107e vam u par jednostavnih koraka dati odgovor kako rasporediti djecu na ZPP DOH obrascu da ostvarite maksimalan povrat poreza. APLIKACIJU JE RAZVILA RAZVOJNA TVRTKA GAURUS U SURADNJI S TONIJEM MILUNOM. OGROMNO HVALA U IME SVIH GRA\u0110ANA KOJI SU OSTVARILI POVRAT POREZA&hellip;<\/p>\n","protected":false},"author":3,"featured_media":0,"parent":0,"menu_order":0,"comment_status":"closed","ping_status":"closed","template":"","meta":{"_acf_changed":false,"footnotes":""},"class_list":["post-1521","page","type-page","status-publish","hentry"],"acf":[],"yoast_head":"<!-- This site is optimized with the Yoast SEO plugin v23.3 - https:\/\/yoast.com\/wordpress\/plugins\/seo\/ -->\n<title>Kalkulator Popodica - Konferencija TONI MILUN<\/title>\n<meta name=\"robots\" content=\"index, follow, max-snippet:-1, max-image-preview:large, max-video-preview:-1\" \/>\n<link rel=\"canonical\" href=\"https:\/\/www.tonimilun.hr\/konferencija\/kalkulator-popodica\/\" \/>\n<meta property=\"og:locale\" content=\"hr_HR\" \/>\n<meta property=\"og:type\" content=\"article\" \/>\n<meta property=\"og:title\" content=\"Kalkulator Popodica - Konferencija TONI MILUN\" \/>\n<meta property=\"og:description\" content=\"Preuzmite besplatno mobilnu aplikaciju Toni Milun u kojoj se nalazi kalkulator Popodica, koji \u0107e vam u par jednostavnih koraka dati odgovor kako rasporediti djecu na ZPP DOH obrascu da ostvarite maksimalan povrat poreza. APLIKACIJU JE RAZVILA RAZVOJNA TVRTKA GAURUS U SURADNJI S TONIJEM MILUNOM. OGROMNO HVALA U IME SVIH GRA\u0110ANA KOJI SU OSTVARILI POVRAT POREZA&hellip;\" \/>\n<meta property=\"og:url\" content=\"https:\/\/www.tonimilun.hr\/konferencija\/kalkulator-popodica\/\" \/>\n<meta property=\"og:site_name\" content=\"Konferencija TONI MILUN\" \/>\n<meta property=\"article:publisher\" content=\"https:\/\/www.facebook.com\/ToniMilun\" \/>\n<meta property=\"article:modified_time\" content=\"2023-02-13T10:13:28+00:00\" \/>\n<meta property=\"og:image\" content=\"https:\/\/www.tonimilun.hr\/konferencija\/wp-content\/uploads\/2023\/02\/Mobile-photo.png\" \/>\n<meta name=\"twitter:card\" content=\"summary_large_image\" \/>\n<script type=\"application\/ld+json\" class=\"yoast-schema-graph\">{\"@context\":\"https:\/\/schema.org\",\"@graph\":[{\"@type\":\"WebPage\",\"@id\":\"https:\/\/www.tonimilun.hr\/konferencija\/kalkulator-popodica\/\",\"url\":\"https:\/\/www.tonimilun.hr\/konferencija\/kalkulator-popodica\/\",\"name\":\"Kalkulator Popodica - Konferencija TONI MILUN\",\"isPartOf\":{\"@id\":\"https:\/\/www.tonimilun.hr\/konferencija\/#website\"},\"primaryImageOfPage\":{\"@id\":\"https:\/\/www.tonimilun.hr\/konferencija\/kalkulator-popodica\/#primaryimage\"},\"image\":{\"@id\":\"https:\/\/www.tonimilun.hr\/konferencija\/kalkulator-popodica\/#primaryimage\"},\"thumbnailUrl\":\"https:\/\/www.tonimilun.hr\/konferencija\/wp-content\/uploads\/2023\/02\/Mobile-photo.png\",\"datePublished\":\"2023-02-13T06:55:48+00:00\",\"dateModified\":\"2023-02-13T10:13:28+00:00\",\"breadcrumb\":{\"@id\":\"https:\/\/www.tonimilun.hr\/konferencija\/kalkulator-popodica\/#breadcrumb\"},\"inLanguage\":\"hr\",\"potentialAction\":[{\"@type\":\"ReadAction\",\"target\":[\"https:\/\/www.tonimilun.hr\/konferencija\/kalkulator-popodica\/\"]}]},{\"@type\":\"ImageObject\",\"inLanguage\":\"hr\",\"@id\":\"https:\/\/www.tonimilun.hr\/konferencija\/kalkulator-popodica\/#primaryimage\",\"url\":\"https:\/\/www.tonimilun.hr\/konferencija\/wp-content\/uploads\/2023\/02\/Mobile-photo.png\",\"contentUrl\":\"https:\/\/www.tonimilun.hr\/konferencija\/wp-content\/uploads\/2023\/02\/Mobile-photo.png\",\"width\":745,\"height\":758},{\"@type\":\"BreadcrumbList\",\"@id\":\"https:\/\/www.tonimilun.hr\/konferencija\/kalkulator-popodica\/#breadcrumb\",\"itemListElement\":[{\"@type\":\"ListItem\",\"position\":1,\"name\":\"Po\u010detna stranica\",\"item\":\"https:\/\/www.tonimilun.hr\/konferencija\/\"},{\"@type\":\"ListItem\",\"position\":2,\"name\":\"Kalkulator Popodica\"}]},{\"@type\":\"WebSite\",\"@id\":\"https:\/\/www.tonimilun.hr\/konferencija\/#website\",\"url\":\"https:\/\/www.tonimilun.hr\/konferencija\/\",\"name\":\"Konferencija TONI MILUN\",\"description\":\"Nau\u010dite kako da va\u0161 novac radi za vas\",\"publisher\":{\"@id\":\"https:\/\/www.tonimilun.hr\/konferencija\/#organization\"},\"potentialAction\":[{\"@type\":\"SearchAction\",\"target\":{\"@type\":\"EntryPoint\",\"urlTemplate\":\"https:\/\/www.tonimilun.hr\/konferencija\/?s={search_term_string}\"},\"query-input\":\"required name=search_term_string\"}],\"inLanguage\":\"hr\"},{\"@type\":\"Organization\",\"@id\":\"https:\/\/www.tonimilun.hr\/konferencija\/#organization\",\"name\":\"Konferencija TONI MILUN\",\"url\":\"https:\/\/www.tonimilun.hr\/konferencija\/\",\"logo\":{\"@type\":\"ImageObject\",\"inLanguage\":\"hr\",\"@id\":\"https:\/\/www.tonimilun.hr\/konferencija\/#\/schema\/logo\/image\/\",\"url\":\"https:\/\/www.tonimilun.hr\/konferencija\/wp-content\/uploads\/2022\/06\/400x300-tonimilun.png\",\"contentUrl\":\"https:\/\/www.tonimilun.hr\/konferencija\/wp-content\/uploads\/2022\/06\/400x300-tonimilun.png\",\"width\":400,\"height\":300,\"caption\":\"Konferencija TONI MILUN\"},\"image\":{\"@id\":\"https:\/\/www.tonimilun.hr\/konferencija\/#\/schema\/logo\/image\/\"},\"sameAs\":[\"https:\/\/www.facebook.com\/ToniMilun\",\"https:\/\/www.linkedin.com\/in\/tonimilun\/\"]}]}<\/script>\n<!-- \/ Yoast SEO plugin. -->","yoast_head_json":{"title":"Kalkulator Popodica - Konferencija TONI MILUN","robots":{"index":"index","follow":"follow","max-snippet":"max-snippet:-1","max-image-preview":"max-image-preview:large","max-video-preview":"max-video-preview:-1"},"canonical":"https:\/\/www.tonimilun.hr\/konferencija\/kalkulator-popodica\/","og_locale":"hr_HR","og_type":"article","og_title":"Kalkulator Popodica - Konferencija TONI MILUN","og_description":"Preuzmite besplatno mobilnu aplikaciju Toni Milun u kojoj se nalazi kalkulator Popodica, koji \u0107e vam u par jednostavnih koraka dati odgovor kako rasporediti djecu na ZPP DOH obrascu da ostvarite maksimalan povrat poreza. APLIKACIJU JE RAZVILA RAZVOJNA TVRTKA GAURUS U SURADNJI S TONIJEM MILUNOM. OGROMNO HVALA U IME SVIH GRA\u0110ANA KOJI SU OSTVARILI POVRAT POREZA&hellip;","og_url":"https:\/\/www.tonimilun.hr\/konferencija\/kalkulator-popodica\/","og_site_name":"Konferencija TONI MILUN","article_publisher":"https:\/\/www.facebook.com\/ToniMilun","article_modified_time":"2023-02-13T10:13:28+00:00","og_image":[{"url":"https:\/\/www.tonimilun.hr\/konferencija\/wp-content\/uploads\/2023\/02\/Mobile-photo.png"}],"twitter_card":"summary_large_image","schema":{"@context":"https:\/\/schema.org","@graph":[{"@type":"WebPage","@id":"https:\/\/www.tonimilun.hr\/konferencija\/kalkulator-popodica\/","url":"https:\/\/www.tonimilun.hr\/konferencija\/kalkulator-popodica\/","name":"Kalkulator Popodica - Konferencija TONI MILUN","isPartOf":{"@id":"https:\/\/www.tonimilun.hr\/konferencija\/#website"},"primaryImageOfPage":{"@id":"https:\/\/www.tonimilun.hr\/konferencija\/kalkulator-popodica\/#primaryimage"},"image":{"@id":"https:\/\/www.tonimilun.hr\/konferencija\/kalkulator-popodica\/#primaryimage"},"thumbnailUrl":"https:\/\/www.tonimilun.hr\/konferencija\/wp-content\/uploads\/2023\/02\/Mobile-photo.png","datePublished":"2023-02-13T06:55:48+00:00","dateModified":"2023-02-13T10:13:28+00:00","breadcrumb":{"@id":"https:\/\/www.tonimilun.hr\/konferencija\/kalkulator-popodica\/#breadcrumb"},"inLanguage":"hr","potentialAction":[{"@type":"ReadAction","target":["https:\/\/www.tonimilun.hr\/konferencija\/kalkulator-popodica\/"]}]},{"@type":"ImageObject","inLanguage":"hr","@id":"https:\/\/www.tonimilun.hr\/konferencija\/kalkulator-popodica\/#primaryimage","url":"https:\/\/www.tonimilun.hr\/konferencija\/wp-content\/uploads\/2023\/02\/Mobile-photo.png","contentUrl":"https:\/\/www.tonimilun.hr\/konferencija\/wp-content\/uploads\/2023\/02\/Mobile-photo.png","width":745,"height":758},{"@type":"BreadcrumbList","@id":"https:\/\/www.tonimilun.hr\/konferencija\/kalkulator-popodica\/#breadcrumb","itemListElement":[{"@type":"ListItem","position":1,"name":"Po\u010detna stranica","item":"https:\/\/www.tonimilun.hr\/konferencija\/"},{"@type":"ListItem","position":2,"name":"Kalkulator Popodica"}]},{"@type":"WebSite","@id":"https:\/\/www.tonimilun.hr\/konferencija\/#website","url":"https:\/\/www.tonimilun.hr\/konferencija\/","name":"Konferencija TONI MILUN","description":"Nau\u010dite kako da va\u0161 novac radi za vas","publisher":{"@id":"https:\/\/www.tonimilun.hr\/konferencija\/#organization"},"potentialAction":[{"@type":"SearchAction","target":{"@type":"EntryPoint","urlTemplate":"https:\/\/www.tonimilun.hr\/konferencija\/?s={search_term_string}"},"query-input":"required name=search_term_string"}],"inLanguage":"hr"},{"@type":"Organization","@id":"https:\/\/www.tonimilun.hr\/konferencija\/#organization","name":"Konferencija TONI MILUN","url":"https:\/\/www.tonimilun.hr\/konferencija\/","logo":{"@type":"ImageObject","inLanguage":"hr","@id":"https:\/\/www.tonimilun.hr\/konferencija\/#\/schema\/logo\/image\/","url":"https:\/\/www.tonimilun.hr\/konferencija\/wp-content\/uploads\/2022\/06\/400x300-tonimilun.png","contentUrl":"https:\/\/www.tonimilun.hr\/konferencija\/wp-content\/uploads\/2022\/06\/400x300-tonimilun.png","width":400,"height":300,"caption":"Konferencija TONI MILUN"},"image":{"@id":"https:\/\/www.tonimilun.hr\/konferencija\/#\/schema\/logo\/image\/"},"sameAs":["https:\/\/www.facebook.com\/ToniMilun","https:\/\/www.linkedin.com\/in\/tonimilun\/"]}]}},"_links":{"self":[{"href":"https:\/\/www.tonimilun.hr\/konferencija\/wp-json\/wp\/v2\/pages\/1521","targetHints":{"allow":["GET"]}}],"collection":[{"href":"https:\/\/www.tonimilun.hr\/konferencija\/wp-json\/wp\/v2\/pages"}],"about":[{"href":"https:\/\/www.tonimilun.hr\/konferencija\/wp-json\/wp\/v2\/types\/page"}],"author":[{"embeddable":true,"href":"https:\/\/www.tonimilun.hr\/konferencija\/wp-json\/wp\/v2\/users\/3"}],"replies":[{"embeddable":true,"href":"https:\/\/www.tonimilun.hr\/konferencija\/wp-json\/wp\/v2\/comments?post=1521"}],"version-history":[{"count":7,"href":"https:\/\/www.tonimilun.hr\/konferencija\/wp-json\/wp\/v2\/pages\/1521\/revisions"}],"predecessor-version":[{"id":1539,"href":"https:\/\/www.tonimilun.hr\/konferencija\/wp-json\/wp\/v2\/pages\/1521\/revisions\/1539"}],"wp:attachment":[{"href":"https:\/\/www.tonimilun.hr\/konferencija\/wp-json\/wp\/v2\/media?parent=1521"}],"curies":[{"name":"wp","href":"https:\/\/api.w.org\/{rel}","templated":true}]}}